{"id":63,"date":"2024-10-01T14:35:57","date_gmt":"2024-10-01T12:35:57","guid":{"rendered":"http:\/\/dieteticiennemariebehar.paris\/?page_id=63"},"modified":"2024-10-07T10:18:52","modified_gmt":"2024-10-07T08:18:52","slug":"consultations","status":"publish","type":"page","link":"https:\/\/dieteticiennemariebehar.paris\/index.php\/consultations\/","title":{"rendered":"Consultations"},"content":{"rendered":"<section class=\"elementor-section elementor-inner-section elementor-element elementor-element-0b71fb7 elementor-section-boxed elementor-section-height-default elementor-section-height-default\" data-id=\"0b71fb7\" data-element_type=\"section\">\n<div class=\"elementor-container elementor-column-gap-default\">\n<div class=\"elementor-row\">\n<div class=\"elementor-column elementor-col-100 elementor-inner-column elementor-element elementor-element-357352f\" data-id=\"357352f\" data-element_type=\"column\">\n<div class=\"elementor-column-wrap elementor-element-populated\">\n<div class=\"elementor-widget-wrap\">\n<div class=\"elementor-element elementor-element-19033b7 elementor-widget elementor-widget-heading animated zoomIn\" data-id=\"19033b7\" data-element_type=\"widget\" data-settings=\"{&quot;_animation&quot;:&quot;zoomIn&quot;}\" data-widget_type=\"heading.default\">\n<div class=\"elementor-widget-container\">\n<h5 class=\"elementor-heading-title elementor-size-default\">MON BUT : VOUS ENSEIGNER L\u2019\u00c9QUILIBRE ALIMENTAIRE AFIN DE <b>MIEUX VIVRE<\/b>,\u00a0<b>PLUS LONGTEMPS<\/b>,\u00a0<b>EN MEILLEUR SANT\u00c9<\/b>\u00a0AVEC UN\u00a0<b>POIDS DE FORME STABLE<\/b>.<\/h5>\n<\/div>\n<\/div>\n<\/div>\n<\/div>\n<\/div>\n<\/div>\n<\/div>\n<p>&nbsp;<\/p>\n<\/section>\n<section class=\"elementor-section elementor-inner-section elementor-element elementor-element-7c13b23 elementor-section-boxed elementor-section-height-default elementor-section-height-default\" data-id=\"7c13b23\" data-element_type=\"section\">\n<div class=\"elementor-container elementor-column-gap-default\">\n<div class=\"elementor-row\">\n<div class=\"elementor-column elementor-col-100 elementor-inner-column elementor-element elementor-element-735a8d5\" data-id=\"735a8d5\" data-element_type=\"column\">\n<div class=\"elementor-column-wrap elementor-element-populated\">\n<div class=\"elementor-widget-wrap\">\n<div class=\"elementor-element elementor-element-03d4f99 elementor-widget elementor-widget-spacer\" data-id=\"03d4f99\" data-element_type=\"widget\" data-widget_type=\"spacer.default\">\n<div class=\"elementor-widget-container\">\n<div class=\"elementor-spacer\">\n<div class=\"elementor-spacer-inner\"><\/div>\n<\/div>\n<\/div>\n<\/div>\n<div class=\"elementor-element elementor-element-e1532ea elementor-align-left elementor-icon-list--layout-traditional elementor-list-item-link-full_width elementor-widget elementor-widget-icon-list\" data-id=\"e1532ea\" data-element_type=\"widget\" data-widget_type=\"icon-list.default\">\n<div class=\"elementor-widget-container\">\n<ul class=\"elementor-icon-list-items\">\n<li class=\"elementor-icon-list-item\" style=\"text-align: left;\"><i class=\"fas fa-user-friends\" aria-hidden=\"true\"><\/i><span class=\"elementor-icon-list-text\">\u00a0 Je propose des prises en charge individuelles et familiales.<\/span><\/li>\n<li class=\"elementor-icon-list-item\" style=\"text-align: left;\"><i class=\"fas fa-user-plus\" aria-hidden=\"true\"><\/i><span class=\"elementor-icon-list-text\">\u00a0 J&#8217;accompagne adultes et adolescents en surpoids ou en ob\u00e9sit\u00e9.<\/span><\/li>\n<li class=\"elementor-icon-list-item\" style=\"text-align: left;\"><i class=\"fas fa-user-md\" aria-hidden=\"true\"><\/i><span class=\"elementor-icon-list-text\">\u00a0 J&#8217;accompagne des patients atteints de maladies chroniques.<\/span><\/li>\n<li class=\"elementor-icon-list-item\" style=\"text-align: left;\"><i class=\"fas fa-baby\" aria-hidden=\"true\"><\/i><span class=\"elementor-icon-list-text\">\u00a0 Je prends en charge des mamans pendant et apr\u00e8s leur grossesse.<\/span><\/li>\n<\/ul>\n<\/div>\n<\/div>\n<div class=\"elementor-element elementor-element-31f6c8a elementor-widget elementor-widget-spacer\" data-id=\"31f6c8a\" data-element_type=\"widget\" data-widget_type=\"spacer.default\">\n<div class=\"elementor-widget-container\">\n<div class=\"elementor-spacer\">\n<div class=\"elementor-spacer-inner\">\n<p>L&#8217;approche que je vous propose est une approche <strong>totalement personnalis\u00e9e<\/strong>, elle prend en compte les sp\u00e9cificit\u00e9s de chaque individu tel que le mode de vie, les ant\u00e9c\u00e9dents m\u00e9dicaux, l&#8217;histoire alimentaire, les pr\u00e9f\u00e9rences alimentaires, les aversions, les contraintes&#8230;<\/p>\n<p>De ce fait,\u00a0<strong>la premi\u00e8re consultation<\/strong> di\u00e9t\u00e9tique est consacr\u00e9e \u00e0 une \u00e9coute approfondie de votre histoire, votre relation \u00e0 la nourriture, vos \u00e9ventuels r\u00e9gimes auparavant, vos habitudes alimentaires, vos go\u00fbts, vos pr\u00e9f\u00e9rences, votre mode de vie. Cette consultation dure 45 minutes \u00e0 1 heure. A l&#8217;issue de cette premi\u00e8re consultation, je vous remettrai un \u00ab carnet alimentaire \u00bb personnalis\u00e9 que nous analyserons lors de notre prochaine consultation.<\/p>\n<p>Lors de la\u00a0<strong>deuxi\u00e8me consultation <\/strong>di\u00e9t\u00e9tique, nous approfondissons certains aspects, \u00e9ventuellement sur la base du \u00ab carnet alimentaire \u00bb personnalis\u00e9. Le programme d\u2019action d\u00e9fini \u00e0 partir de ces premi\u00e8res \u00e9tapes n\u2019est pas d\u00e9finitif ou rigide. Chaque personne est diff\u00e9rente, il peut \u00eatre donc \u00e9videmment amen\u00e9 \u00e0 \u00e9voluer selon les consultations suivantes, qui durent environ 30 minutes.<\/p>\n<p>Les consultations ont g\u00e9n\u00e9ralement lieux <strong>toutes les deux semaines<\/strong> car un suivi rapproch\u00e9 est essentiel pour obtenir les meilleurs r\u00e9sultats en terme de changement. Puis elles seront progressivement espac\u00e9es, sauf souhait de votre part.<\/p>\n<p><span style=\"font-family: var(--secondary-font); font-size: 1.11em; color: var(--font-color);\">JE M&#8217;ENGAGE \u00c0 VOUS SOUTENIR TOUT AU LONG DE VOTRE PRISE EN CHARGE.<\/span><\/p>\n<\/div>\n<\/div>\n<\/div>\n<\/div>\n<\/div>\n<\/div>\n<\/div>\n<\/div>\n<\/div>\n<\/section>\n<p><a style=\"display: block; text-align: center; background-color: #0596de; color: #ffffff; font-size: 14px; overflow: hidden; width: 257px; height: 40px; border-bottom-right-radius: none; border-bottom-left-radius: none; position: fixed; bottom: 0; right: 5px; z-index: 1000; border-top-left-radius: 4px; border-top-right-radius: 4px; line-height: 40px;\" href=\"https:\/\/www.doctolib.fr\/dieteticien\/paris\/marie-behar?utm_campaign=website-button&amp;utm_source=marie-behar-website-button&amp;utm_medium=referral&amp;utm_content=option-5&amp;utm_term=marie-behar\" target=\"_blank\" rel=\"noopener\" data-reactroot=\"\"><span style=\"font-size: 13px;\">Prendre rendez-vous en ligne<\/span><img decoding=\"async\" style=\"height: 15px; margin-bottom: 3px; vertical-align: middle; width: auto;\" src=\"https:\/\/pro.doctolib.fr\/external_button\/doctolib-white-transparent.png\" alt=\"Doctolib\" \/><\/a><\/p>\n","protected":false},"excerpt":{"rendered":"<p>MON BUT : VOUS ENSEIGNER L\u2019\u00c9QUILIBRE ALIMENTAIRE AFIN DE MIEUX VIVRE,\u00a0PLUS LONGTEMPS,\u00a0EN MEILLEUR SANT\u00c9\u00a0AVEC UN\u00a0POIDS DE FORME STABLE. &nbsp; \u00a0 Je propose des prises en charge individuelles et familiales. \u00a0 J&#8217;accompagne adultes et adolescents en surpoids ou en ob\u00e9sit\u00e9. \u00a0 &hellip; <\/p>\n","protected":false},"author":1,"featured_media":0,"parent":0,"menu_order":0,"comment_status":"closed","ping_status":"closed","template":"","meta":{"_themeisle_gutenberg_block_has_review":false,"footnotes":""},"class_list":["post-63","page","type-page","status-publish","hentry","latest_post"],"_links":{"self":[{"href":"https:\/\/dieteticiennemariebehar.paris\/index.php\/wp-json\/wp\/v2\/pages\/63","targetHints":{"allow":["GET"]}}],"collection":[{"href":"https:\/\/dieteticiennemariebehar.paris\/index.php\/wp-json\/wp\/v2\/pages"}],"about":[{"href":"https:\/\/dieteticiennemariebehar.paris\/index.php\/wp-json\/wp\/v2\/types\/page"}],"author":[{"embeddable":true,"href":"https:\/\/dieteticiennemariebehar.paris\/index.php\/wp-json\/wp\/v2\/users\/1"}],"replies":[{"embeddable":true,"href":"https:\/\/dieteticiennemariebehar.paris\/index.php\/wp-json\/wp\/v2\/comments?post=63"}],"version-history":[{"count":20,"href":"https:\/\/dieteticiennemariebehar.paris\/index.php\/wp-json\/wp\/v2\/pages\/63\/revisions"}],"predecessor-version":[{"id":412,"href":"https:\/\/dieteticiennemariebehar.paris\/index.php\/wp-json\/wp\/v2\/pages\/63\/revisions\/412"}],"wp:attachment":[{"href":"https:\/\/dieteticiennemariebehar.paris\/index.php\/wp-json\/wp\/v2\/media?parent=63"}],"curies":[{"name":"wp","href":"https:\/\/api.w.org\/{rel}","templated":true}]}}

<section class="elementor-section elementor-inner-section elementor-element elementor-element-0b71fb7 elementor-section-boxed elementor-section-height-default elementor-section-height-default" data-id="0b71fb7" data-element_type="section">
<div class="elementor-container elementor-column-gap-default">
<div class="elementor-row">
<div class="elementor-column elementor-col-100 elementor-inner-column elementor-element elementor-element-357352f" data-id="357352f" data-element_type="column">
<div class="elementor-column-wrap elementor-element-populated">
<div class="elementor-widget-wrap">
<div class="elementor-element elementor-element-19033b7 elementor-widget elementor-widget-heading animated zoomIn" data-id="19033b7" data-element_type="widget" data-settings="{&quot;_animation&quot;:&quot;zoomIn&quot;}" data-widget_type="heading.default">
<div class="elementor-widget-container">
<h5 class="elementor-heading-title elementor-size-default">MON BUT : VOUS ENSEIGNER L’ÉQUILIBRE ALIMENTAIRE AFIN DE <b>MIEUX VIVRE</b>, <b>PLUS LONGTEMPS</b>, <b>EN MEILLEUR SANTÉ</b> AVEC UN <b>POIDS DE FORME STABLE</b>.</h5>
</div>
</div>
</div>
</div>
</div>
</div>
</div>
<p>&nbsp;</p>
</section>
<section class="elementor-section elementor-inner-section elementor-element elementor-element-7c13b23 elementor-section-boxed elementor-section-height-default elementor-section-height-default" data-id="7c13b23" data-element_type="section">
<div class="elementor-container elementor-column-gap-default">
<div class="elementor-row">
<div class="elementor-column elementor-col-100 elementor-inner-column elementor-element elementor-element-735a8d5" data-id="735a8d5" data-element_type="column">
<div class="elementor-column-wrap elementor-element-populated">
<div class="elementor-widget-wrap">
<div class="elementor-element elementor-element-03d4f99 elementor-widget elementor-widget-spacer" data-id="03d4f99" data-element_type="widget" data-widget_type="spacer.default">
<div class="elementor-widget-container">
<div class="elementor-spacer">
<div class="elementor-spacer-inner"></div>
</div>
</div>
</div>
<div class="elementor-element elementor-element-e1532ea elementor-align-left elementor-icon-list--layout-traditional elementor-list-item-link-full_width elementor-widget elementor-widget-icon-list" data-id="e1532ea" data-element_type="widget" data-widget_type="icon-list.default">
<div class="elementor-widget-container">
<ul class="elementor-icon-list-items">
<li class="elementor-icon-list-item" style="text-align: left;"><i class="fas fa-user-friends" aria-hidden="true"></i><span class="elementor-icon-list-text">  Je propose des prises en charge individuelles et familiales.</span></li>
<li class="elementor-icon-list-item" style="text-align: left;"><i class="fas fa-user-plus" aria-hidden="true"></i><span class="elementor-icon-list-text">  J&#8217;accompagne adultes et adolescents en surpoids ou en obésité.</span></li>
<li class="elementor-icon-list-item" style="text-align: left;"><i class="fas fa-user-md" aria-hidden="true"></i><span class="elementor-icon-list-text">  J&#8217;accompagne des patients atteints de maladies chroniques.</span></li>
<li class="elementor-icon-list-item" style="text-align: left;"><i class="fas fa-baby" aria-hidden="true"></i><span class="elementor-icon-list-text">  Je prends en charge des mamans pendant et après leur grossesse.</span></li>
</ul>
</div>
</div>
<div class="elementor-element elementor-element-31f6c8a elementor-widget elementor-widget-spacer" data-id="31f6c8a" data-element_type="widget" data-widget_type="spacer.default">
<div class="elementor-widget-container">
<div class="elementor-spacer">
<div class="elementor-spacer-inner">
<p>L&#8217;approche que je vous propose est une approche <strong>totalement personnalisée</strong>, elle prend en compte les spécificités de chaque individu tel que le mode de vie, les antécédents médicaux, l&#8217;histoire alimentaire, les préférences alimentaires, les aversions, les contraintes&#8230;</p>
<p>De ce fait, <strong>la première consultation</strong> diététique est consacrée à une écoute approfondie de votre histoire, votre relation à la nourriture, vos éventuels régimes auparavant, vos habitudes alimentaires, vos goûts, vos préférences, votre mode de vie. Cette consultation dure 45 minutes à 1 heure. A l&#8217;issue de cette première consultation, je vous remettrai un « carnet alimentaire » personnalisé que nous analyserons lors de notre prochaine consultation.</p>
<p>Lors de la <strong>deuxième consultation </strong>diététique, nous approfondissons certains aspects, éventuellement sur la base du « carnet alimentaire » personnalisé. Le programme d’action défini à partir de ces premières étapes n’est pas définitif ou rigide. Chaque personne est différente, il peut être donc évidemment amené à évoluer selon les consultations suivantes, qui durent environ 30 minutes.</p>
<p>Les consultations ont généralement lieux <strong>toutes les deux semaines</strong> car un suivi rapproché est essentiel pour obtenir les meilleurs résultats en terme de changement. Puis elles seront progressivement espacées, sauf souhait de votre part.</p>
<p><span style="font-family: var(--secondary-font); font-size: 1.11em; color: var(--font-color);">JE M&#8217;ENGAGE À VOUS SOUTENIR TOUT AU LONG DE VOTRE PRISE EN CHARGE.</span></p>
</div>
</div>
</div>
</div>
</div>
</div>
</div>
</div>
</div>
</section>
<p><a style="display: block; text-align: center; background-color: #0596de; color: #ffffff; font-size: 14px; overflow: hidden; width: 257px; height: 40px; border-bottom-right-radius: none; border-bottom-left-radius: none; position: fixed; bottom: 0; right: 5px; z-index: 1000; border-top-left-radius: 4px; border-top-right-radius: 4px; line-height: 40px;" href="https://www.doctolib.fr/dieteticien/paris/marie-behar?utm_campaign=website-button&amp;utm_source=marie-behar-website-button&amp;utm_medium=referral&amp;utm_content=option-5&amp;utm_term=marie-behar" target="_blank" rel="noopener" data-reactroot=""><span style="font-size: 13px;">Prendre rendez-vous en ligne</span><img decoding="async" style="height: 15px; margin-bottom: 3px; vertical-align: middle; width: auto;" src="https://pro.doctolib.fr/external_button/doctolib-white-transparent.png" alt="Doctolib" /></a></p>

<p>MON BUT : VOUS ENSEIGNER L’ÉQUILIBRE ALIMENTAIRE AFIN DE MIEUX VIVRE, PLUS LONGTEMPS, EN MEILLEUR SANTÉ AVEC UN POIDS DE FORME STABLE. &nbsp;   Je propose des prises en charge individuelles et familiales.   J&#8217;accompagne adultes et adolescents en surpoids ou en obésité.   &hellip; </p>
